 = a + 5*w + 2331. Suppose 13*z - a = 5165. What is the highest common divisor of 36 and z?
18
Suppose 4*s - 222 = 2*s. Suppose -n - 3*x = 9, x + 3 + 0 = -n. Suppose n = 5*p - p - 148. What is the highest common divisor of s and p?
37
Let r = -2503 - -2537. What is the highest common factor of r and 1173?
17
Suppose 4*h - 30 = 2*h. Let w = 33 + h. Let t(k) = -k**3 + 18*k**2 + 15*k - 78. Let q be t(18). Calculate the greatest common divisor of w and q.
48
Suppose 0 = 13981*n - 14006*n + 492 + 708. Let l(o) = 112*o. Let p be l(6). Calculate the greatest common divisor of p and n.
48
Let l(o) = 8*o + 63. Let f be l(-7). Let n be f + -16 + 6 - -91. Calculate the greatest common divisor of n and 11.
11
Suppose 3*r = 217*r + 65*r - 7533. Let t be 62/((-2)/27*-1). Calculate the greatest common factor of t and r.
27
Let r = 8220 - 5652. What is the highest common divisor of 48 and r?
24
Suppose n - 459 = -5*l, -98*l - 3*n - 111 = -99*l. What is the highest common divisor of 9 and l?
3
Suppose -355 = -4*o - 5*t, -34*t + 100 = o - 29*t. What is the greatest common divisor of o and 799?
17
Suppose -4*a = -2*t - 9*a + 549, -2*a + 2 = 0. What is the greatest common divisor of 102 and t?
34
Let d = 2338 - 2334. Let x(s) = s**3 + 2*s + 4. Let j be x(0). Calculate the highest common factor of d and j.
4
Let l(f) = -2*f**3 - 2*f**2 - 2*f - 34. Let p be l(0). Let w be (-574)/p - 24/(-204). Calculate the greatest common factor of 272 and w.
17
Let c be 0/(-1) + (31 - 1). Let x(m) = -15*m + 190. Let i be x(17). Let s be (-1196)/(-10) - 26/i. Calculate the highest common factor of c and s.
30
Suppose -577*z + 3408 = -573*z. Suppose 0 = z*u - 850*u - 90. What is the highest common divisor of u and 285?
15
Suppose -558 = -3*u + u. Suppose -6*q + 4242 = -0*q. Let v be (q/(-14) - -4)*(-2)/3. Calculate the highest common factor of u and v.
31
Let i be 2/(-8) + 114/8. Let d = 48 + -46. Suppose 7 = -l + d*l. Calculate the highest common factor of l and i.
7
Let r(a) = -2 + 1 - 6*a - 2 + 4. Let u be r(-3). Let k = 21 - u. Calculate the greatest common factor of 34 and k.
2
Let g = -159 + 177. Calculate the greatest common divisor of 126 and g.
18
Suppose -5*j + 228 = -43*n + 45*n, 380 = 3*n - 2*j. Calculate the highest common factor of 868 and n.
124
Suppose 1800 = -22*g + 34*g. Suppose 0 = 4*m + 2*a, 12 = 4*m - 6*m + 2*a. Let d be (g/3)/2 + m. Calculate the greatest common factor of 23 and d.
23
Suppose q = 5*z + 84, -24*q + 5*z - 34 = -25*q. Calculate the greatest common divisor of 21299 and q.
59
Suppose 418 - 1914 = -34*b. What is the greatest common factor of b and 136?
4
Suppose 2*c - 30 = -10. Let z be 19*41 + 10/c. Suppose 7*r = r + z. Calculate the greatest common factor of r and 13.
13
Suppose 0 = 28*m - 8*m - 700. Calculate the greatest common divisor of 115 and m.
5
Suppose 3134 = 60*a - 1066. Calculate the greatest common factor of 10990 and a.
70
Let x = -386 + 883. Let b be (-14)/77 - x/(-11). Suppose 0 = -n - 14 + 10, -z + 5*n + 47 = 0. Calculate the highest common factor of z and b.
9
Let p(v) = 13*v**2 + 59*v - 169. Let b be p(3). What is the highest common divisor of 35 and b?
5
Suppose 4*x - 70 - 304 = -5*z, -2*x = 5*z - 182. Let t(o) = o**2 - 8*o + 30. Let u be t(6). Calculate the highest common divisor of x and u.
6
Let t(j) = 15*j**2 + 116*j + 1. Let m be t(-8). Calculate the highest common factor of 1584 and m.
33
Suppose 0 = -11*l + 135 + 448. Suppose -11*x = -79 - l. Calculate the greatest common factor of x and 12.
12
Suppose -24*i = -40*i + 1936. Let v = i - 65. What is the highest common divisor of 616 and v?
56
Suppose -1021 = -p + 642. Suppose 989 = 3*h + 4*l - 710, p = 3*h - 5*l. What is the greatest common divisor of 51 and h?
51
Let b(v) = -108*v - 1069. Let k be b(-10). Calculate the highest common divisor of k and 1639.
11
Let b be ((-45)/(-30))/(6*1/8). Let u be (25 - 6)/(3 - b). Calculate the greatest common divisor of 589 and u.
19
Suppose 0 = -48*r + 46*r + 4. Suppose -1 = -3*n + r*n, 0 = -5*u + 4*n + 3051. What is the highest common factor of 26 and u?
13
Let n = -19417 + 19423. Calculate the greatest common factor of n and 3147.
3
Let u = 241 + 17. Let f = -240 + u. Calculate the highest common divisor of f and 117.
9
Let i = 1859 + -1090. Suppose i = 5*y + u, 0 = 2*y - 0*y - u - 309. Calculate the highest common factor of y and 28.
14
Suppose 177*d - 190*d + 14092 = 0. Calculate the highest common factor of 4 and d.
4
Suppose 17*h = 6 + 62. Suppose -4*a = -h*l + 136, -5*a + 9*a - 67 = -3*l. What is the greatest common divisor of l and 58?
29
Suppose 15*s = -11*s + 2366. What is the highest common factor of 1456 and s?
91
Let c = 21351 - 21282. What is the highest common factor of 8257 and c?
23
Let k = 35644 - 35577. Let h(g) = 738*g**3 - g. Let j be h(1). Calculate the highest common divisor of j and k.
67
Suppose 5466 - 4955 + 5894 = 21*y. Calculate the highest common factor of y and 8357.
61
Let s = -182 + 186. Suppose s*u - 362 = 5*q, -u - q + 92 = -3*q. What is the highest common factor of 8 and u?
8
Let b = 649 + -169. Suppose 3*p + 47 = 5*c - 91, -4*p = -2*c + 44. What is the highest common factor of b and c?
30
Let s = -59 + 67. Let o be (-20)/2*(-28)/(-70). Let p be o/(-10) + (-1074)/(-15). What is the highest common factor of s and p?
8
Let h(a) = 2*a**2 - 7*a + 59. Let l be h(13). Suppose 0 = -7*d - 0*d - 217. Let j = d - -65. Calculate the greatest common divisor of l and j.
34
Let o = 53031 - 53000. Let x = -7 - -11. Suppose 539 = x*t + 43. What is the greatest common divisor of o and t?
31
Suppose 0 = -11*f - 13811 + 15098. What is the highest common factor of f and 78?
39
Let g = -5646 - -5886. What is the highest common factor of 2760 and g?
120
Let v = 39 + -37. Let w be 146/4 + v + (-10)/4. Suppose -5*p + 19 = -w. Calculate the greatest common factor of p and 110.
11
Suppose 2*s - 78 = 2*t, -3*t = -4*s - 6*t + 177. Suppose i = 7 - 28. Let q = 35 + i. What is the greatest common divisor of q and s?
14
Suppose -1 - 5 = -3*i. Let b be (-10 + 13)*1*3. What is the greatest common divisor of b and i?
1
Suppose -54*z + 53*z + 3796 = 4*r, 3*z + 1884 = 2*r. What is the highest common divisor of 132 and r?
12
Suppose 64*r - 69*r + 1550 = 0. Let d = -304 + r. What is the highest common factor of d and 3?
3
Let x(v) = 33*v**2 + v - 1. Let a be x(1). Let t be 8 - 8*50/80. What is the greatest common divisor of t and a?
3
Suppose -7*f - 36 = 832. Let g = f - -88. Let h = 72 + g. What is the greatest common factor of 9 and h?
9
Suppose 0 = 32*f - 954 - 966. What is the highest common divisor of 35160 and f?
60
Suppose 1546 = 3*t - y, 5*y - 32 = -7. What is the highest common divisor of t and 1457?
47
Let z(v) = -v**3 + 10*v + 12. Suppose 12*w + 3*w = 0. Let k be z(w). What is the highest common divisor of 4 and k?
4
Suppose 3*a = 4*z + 86, -5*a + 3*z = 82 - 229. Calculate the greatest common factor of a and 2505.
15
Let f(d) = -d**3 - 8*d**2 + 15*d + 12. Let u be f(-9). Let q be (-62)/(-5) + (8 - u/(-5)). Let v = q + -9. What is the greatest common divisor of 24 and v?
3
Let v(k) = k**2 - 18*k - 34. Let x be v(20). Suppose -3*p + 2952 = x*p. Calculate the highest common divisor of 16 and p.
8
Let q(a) = -30*a - 180. Let b be q(-16). Let i be (4 - 2)/(2/b). Calculate the greatest common divisor of 20 and i.
20
Suppose -2*q + i + 65 = 3*q, 4*q - 52 = 3*i. Let p = q + 6. Let b be (30/(-9))/(16/(-456)). What is the greatest common divisor of p and b?
19
Let t = 41 + -12. Suppose -2945 - 390 = -5*y. Calculate the highest common divisor of y and t.
29
Let l be (5880/336)/((-10)/(-128)). Calculate the greatest common divisor of l and 13440.
224
Let m be (2 + -2)/(-5 - -3 - -4). Let k = 6 - m. Let h(s) = s**3 - 4*s**2 - 10*s + 7. Let t be h(k). Calculate the highest common factor of 171 and t.
19
Let m(j) = 344*j + 2534. Let z be m(-6). What is the highest common factor of 846 and z?
94
Let l be (3/6*-2)/(4/(-8)). Suppose 0*r - r + 3340 = -l*d, -3*r - d + 10027 = 0. Suppose 7*c + 801 = r. What is the greatest common factor of 33 and c?
33
Let k be 55/(-6)*-28*(-270)/(-180). Suppose -k - 365 = -10*y. Calculate the highest common divisor of y and 150.
75
Let a be (30/(8 - 6) + -96)/((-2)/102). What is the greatest common divisor of